{"id":1422,"date":"2024-01-10T23:05:29","date_gmt":"2024-01-10T23:05:29","guid":{"rendered":"https:\/\/argenfruit.com.ar\/site2024\/?page_id=1422"},"modified":"2025-12-02T19:31:13","modified_gmt":"2025-12-02T19:31:13","slug":"contactenos","status":"publish","type":"page","link":"https:\/\/argenfruit.com.ar\/?page_id=1422","title":{"rendered":"Contacto"},"content":{"rendered":"<div>\n<p>    <img decoding=\"async\" src=\"\/wp-content\/uploads\/2024\/01\/slide_home_006.jpg\" alt=\"\"><\/p>\n<h6>Nuestras v\u00edas de contacto<\/h6>\n<div>\n<p>Te brindamos todos los canales de contacto para comunicarnos mejor<\/p>\n<\/div>\n<\/div>\n<h1>Cont\u00e1ctanos<\/h1>\n<ul>\n<li>\n<h3>Administraci\u00f3n<\/h3>\n<div>\n<p><strong>administracion@argenfruit.com.ar<\/strong><br \/><strong>WhatsApp: <a href=\"https:\/\/wa.me\/5492617720222\">+ 54 261 772 0222<\/a><\/strong><br \/>Lunes a viernes de 8:00hs a 16:00hs<br \/>S\u00e1bados de 8:00hs a 13:00hs<\/p>\n<\/div>\n<\/li>\n<li>\n<h3>Log\u00edstica<\/h3>\n<div>\n<p><strong>logistica@argenfruit.com.ar<\/strong><br \/><strong>Tel\u00e9fono: <a href=\"tel:+0261 564-0055\">+ 54 261 564 0055<\/a><\/strong><br \/>Lunes a viernes de 8:00hs a 16:00hs<br \/>S\u00e1bados de 8:00hs a 13:00hs<\/p>\n<\/div>\n<\/li>\n<li>\n<h3>Recursos Humanos<\/h3>\n<div>\n<p><strong>rrhh@argenfruit.com.ar<\/strong><br \/><strong>Tel\u00e9fono: <a href=\"tel:+0261 545-4355\">+ 54 261 545-4355<\/a><\/strong><br \/>Lunes a viernes de 8:00hs a 16:00hs<br \/>S\u00e1bados de 8:00hs a 13:00hs<\/p>\n<\/div>\n<\/li>\n<li>\n<h3>Gesti\u00f3n Comercial<\/h3>\n<div>\n<p><strong>comercial@argenfruit.com.ar<\/strong><br \/><strong>WhatsApp: <a href=\"https:\/\/wa.me\/5492617720222\">+ 54 261 772 0222<\/a><\/strong><br \/>Lunes a viernes de 8:00hs a 16:00hs<br \/>S\u00e1bados de 8:00hs a 13:00hs<\/p>\n<\/div>\n<\/li>\n<li>\n<h3>Puestos Guaymall\u00e9n<\/h3>\n<div>\n<p><strong>comercial@argenfruit.com.ar<\/strong><br \/><strong>Tel\u00e9fono: <a href=\"tel:+0261 564-0055\">+ 54 261 564 0055<\/a><\/strong><br \/>Lunes a viernes de 8:00hs a 16:00hs<br \/>S\u00e1bados de 8:00hs a 13:00hs<\/p>\n<\/div>\n<\/li>\n<li>\n<h3>Puestos Godoy Cruz<\/h3>\n<div>\n<p><strong>comercial@argenfruit.com.ar<\/strong><br \/><strong>Tel\u00e9fono: <a href=\"tel:+0261 564-0055\">+ 54 261 564 0055<\/a><\/strong><br \/>Lunes a viernes de 8:00hs a 16:00hs<br \/>S\u00e1bados de 8:00hs a 13:00hs<\/p>\n<\/div>\n<\/li>\n<\/ul>\n<h2>Posici\u00f3n geogr\u00e1fica<\/h2>\n<h1>\u00bfD\u00f3nde estamos?<\/h1>\n<div>\n<p>-32.8910,-68.7963<\/p>\n<p><img decoding=\"async\" src=\"\/wp-content\/uploads\/2024\/01\/logo.svg\" alt=\"\"><\/p>\n<div>\n<p>Sarmiento 1155, <br \/>Villa Nueva, Mendoza<br \/>Argentina<\/p>\n<\/div>\n<p><a href=\"https:\/\/maps.app.goo.gl\/3sPDQiXgxNC2JnXB9\">Como llegar?<\/a><\/p>\n<\/div>\n<h2>Nuestra ubicaci\u00f3n en Argentina<\/h2>\n<h1>Mendoza Argentina<\/h1>\n<div>\n<div class=\"flex flex-grow flex-col max-w-full\">\n<div data-message-author-role=\"assistant\" data-message-id=\"159a5492-c1d9-4985-b871-80fb99529e82\" class=\"min-h-[20px] text-message flex flex-col items-start gap-3 whitespace-pre-wrap break-words [.text-message+&amp;]:mt-5 overflow-x-auto\">\n<div class=\"markdown prose w-full break-words dark:prose-invert light\">\n<p>Ubicada estrat\u00e9gicamente en el oeste argentino, la provincia de Mendoza se destaca no solo por sus f\u00e9rtiles valles y la imponente cordillera de los Andes, sino tambi\u00e9n por su posici\u00f3n privilegiada cerca de los principales cruces log\u00edsticos del pa\u00eds. Situada en la regi\u00f3n de Cuyo, limita al norte con San Juan, al este con San Luis, al sur con La Pampa y Neuqu\u00e9n, y al oeste con Chile, consolid\u00e1ndose como un punto clave para la distribuci\u00f3n eficiente de frutas frescas en todo el territorio argentino.<br \/>Nuestra ubicaci\u00f3n estrat\u00e9gica nos permite optimizar rutas, reducir tiempos de entrega y garantizar que nuestros productos de calidad lleguen a cada rinc\u00f3n del pa\u00eds.<\/p>\n<\/div>\n<\/div>\n<\/div>\n<\/div>\n<p><img decoding=\"async\" src=\"\/wp-content\/uploads\/2024\/01\/016-scaled.jpg\" alt=\"\"><\/p>\n<p><!--more--><br \/>\n<!-- {\"type\":\"layout\",\"children\":[{\"type\":\"section\",\"props\":{\"image_position\":\"center-center\",\"padding\":\"none\",\"style\":\"default\",\"title_breakpoint\":\"xl\",\"title_position\":\"top-left\",\"title_rotation\":\"left\",\"vertical_align\":\"\",\"width\":\"\"},\"children\":[{\"type\":\"row\",\"children\":[{\"type\":\"column\",\"props\":{\"image_position\":\"center-center\",\"position_sticky_breakpoint\":\"m\"},\"children\":[{\"type\":\"slideshow\",\"props\":{\"content_margin\":\"small\",\"content_style\":\"h5\",\"link_style\":\"default\",\"link_text\":\"Read more\",\"margin\":\"default\",\"meta_align\":\"below-title\",\"meta_element\":\"div\",\"meta_margin\":\"small\",\"meta_style\":\"text-meta\",\"nav\":\"dotnav\",\"nav_align\":\"center\",\"nav_breakpoint\":\"s\",\"nav_position\":\"bottom-center\",\"nav_position_margin\":\"medium\",\"overlay_animation\":\"fade\",\"overlay_margin\":\"none\",\"overlay_position\":\"center\",\"show_content\":false,\"show_link\":false,\"show_meta\":false,\"show_thumbnail\":false,\"show_title\":false,\"slidenav\":\"default\",\"slidenav_breakpoint\":\"s\",\"slidenav_margin\":\"medium\",\"slidenav_outside_breakpoint\":\"xl\",\"slideshow_autoplay_pause\":true,\"slideshow_height\":\"section\",\"slideshow_height_offset_top\":true,\"slideshow_kenburns\":\"center-center\",\"slideshow_kenburns_duration\":\"10\",\"slideshow_min_height\":\"750\",\"text_align\":\"center\",\"text_color\":\"light\",\"thumbnav_height\":\"75\",\"thumbnav_svg_color\":\"emphasis\",\"thumbnav_width\":\"100\",\"title_element\":\"h6\",\"title_hover_style\":\"reset\",\"title_parallax_rotate\":\"320 82%\",\"title_parallax_scale\":\"1.3 79%\",\"title_parallax_x\":\"190\",\"title_parallax_y\":\"600\",\"title_style\":\"h1\"},\"children\":[{\"type\":\"slideshow_item\",\"props\":{\"content\":\"\n\n<p>Te brindamos todos los canales de contacto para comunicarnos mejor<\\\/p>\",\"image\":\"wp-content\\\/uploads\\\/2024\\\/01\\\/slide_home_006.jpg\",\"text_color\":\"light\",\"title\":\"Nuestras v\\u00edas de contacto\"}}]}]}]}],\"name\":\"Imagen contacto\"},{\"type\":\"section\",\"props\":{\"image_position\":\"center-center\",\"style\":\"muted\",\"title_breakpoint\":\"xl\",\"title_position\":\"top-left\",\"title_rotation\":\"left\",\"vertical_align\":\"\",\"width\":\"small\"},\"children\":[{\"type\":\"row\",\"children\":[{\"type\":\"column\",\"props\":{\"image_position\":\"center-center\",\"position_sticky_breakpoint\":\"m\"},\"children\":[{\"type\":\"headline\",\"props\":{\"content\":\"Cont\\u00e1ctanos\",\"title_element\":\"h1\"}}]}]},{\"type\":\"row\",\"children\":[{\"type\":\"column\",\"props\":{\"image_position\":\"center-center\",\"position_sticky_breakpoint\":\"m\"},\"children\":[{\"type\":\"grid\",\"props\":{\"content_column_breakpoint\":\"m\",\"filter_align\":\"left\",\"filter_all\":true,\"filter_grid_breakpoint\":\"m\",\"filter_grid_width\":\"auto\",\"filter_position\":\"top\",\"filter_style\":\"tab\",\"grid_column_align\":true,\"grid_column_gap\":\"small\",\"grid_default\":\"1\",\"grid_divider\":false,\"grid_large\":\"2\",\"grid_medium\":\"2\",\"grid_row_align\":true,\"grid_xlarge\":\"2\",\"icon_width\":80,\"image_align\":\"top\",\"image_grid_breakpoint\":\"m\",\"image_grid_width\":\"1-2\",\"image_svg_color\":\"emphasis\",\"item_animation\":true,\"lightbox_bg_close\":true,\"link_style\":\"default\",\"link_text\":\"Read more\",\"margin\":\"default\",\"meta_align\":\"below-title\",\"meta_element\":\"div\",\"meta_style\":\"text-meta\",\"show_content\":true,\"show_hover_image\":true,\"show_hover_video\":true,\"show_image\":true,\"show_link\":true,\"show_meta\":true,\"show_title\":true,\"show_video\":true,\"title_align\":\"top\",\"title_element\":\"h3\",\"title_grid_breakpoint\":\"m\",\"title_grid_width\":\"1-2\",\"title_hover_style\":\"reset\"},\"children\":[{\"type\":\"grid_item\",\"props\":{\"content\":\"\n\n<p><strong>administracion@argenfruit.com.ar<\\\/strong><br \\\/><strong>WhatsApp: <a href=\\\"https:\\\/\\\/wa.me\\\/5492617720222\\\">+ 54 261 772 0222<\\\/a><\\\/strong><br \\\/>Lunes a viernes de 8:00hs a 16:00hs<br \\\/>S\\u00e1bados de 8:00hs a 13:00hs<\\\/p>\",\"title\":\"Administraci\\u00f3n\"}},{\"type\":\"grid_item\",\"props\":{\"content\":\"\n\n<p><strong>logistica@argenfruit.com.ar<\\\/strong><br \\\/><strong>Tel\\u00e9fono: <a href=\\\"tel:+0261 564-0055\\\">+ 54 261 564 0055<\\\/a><\\\/strong><br \\\/>Lunes a viernes de 8:00hs a 16:00hs<br \\\/>S\\u00e1bados de 8:00hs a 13:00hs<\\\/p>\",\"title\":\"Log\\u00edstica\"}},{\"type\":\"grid_item\",\"props\":{\"content\":\"\n\n<p><strong>rrhh@argenfruit.com.ar<\\\/strong><br \\\/><strong>Tel\\u00e9fono: <a href=\\\"tel:+0261 545-4355\\\">+ 54 261 545-4355<\\\/a><\\\/strong><br \\\/>Lunes a viernes de 8:00hs a 16:00hs<br \\\/>S\\u00e1bados de 8:00hs a 13:00hs<\\\/p>\",\"title\":\"Recursos Humanos\"}},{\"type\":\"grid_item\",\"props\":{\"content\":\"\n\n<p><strong>comercial@argenfruit.com.ar<\\\/strong><br \\\/><strong>WhatsApp: <a href=\\\"https:\\\/\\\/wa.me\\\/5492617720222\\\">+ 54 261 772 0222<\\\/a><\\\/strong><br \\\/>Lunes a viernes de 8:00hs a 16:00hs<br \\\/>S\\u00e1bados de 8:00hs a 13:00hs<\\\/p>\",\"title\":\"Gesti\\u00f3n Comercial\"}},{\"type\":\"grid_item\",\"props\":{\"content\":\"\n\n<p><strong>comercial@argenfruit.com.ar<\\\/strong><br \\\/><strong>Tel\\u00e9fono: <a href=\\\"tel:+0261 564-0055\\\">+ 54 261 564 0055<\\\/a><\\\/strong><br \\\/>Lunes a viernes de 8:00hs a 16:00hs<br \\\/>S\\u00e1bados de 8:00hs a 13:00hs<\\\/p>\",\"title\":\"Puestos Guaymall\\u00e9n\"}},{\"type\":\"grid_item\",\"props\":{\"content\":\"\n\n<p><strong>comercial@argenfruit.com.ar<\\\/strong><br \\\/><strong>Tel\\u00e9fono: <a href=\\\"tel:+0261 564-0055\\\">+ 54 261 564 0055<\\\/a><\\\/strong><br \\\/>Lunes a viernes de 8:00hs a 16:00hs<br \\\/>S\\u00e1bados de 8:00hs a 13:00hs<\\\/p>\",\"title\":\"Puestos Godoy Cruz\"}}]}]}]},{\"type\":\"row\",\"children\":[{\"type\":\"column\",\"props\":{\"image_position\":\"center-center\",\"position_sticky_breakpoint\":\"m\"}}]}],\"name\":\"Datos de contacto\"},{\"type\":\"section\",\"props\":{\"image_position\":\"center-center\",\"padding\":\"small\",\"padding_remove_bottom\":false,\"style\":\"secondary\",\"title_breakpoint\":\"xl\",\"title_position\":\"top-left\",\"title_rotation\":\"left\",\"vertical_align\":\"\",\"width\":\"default\"},\"children\":[{\"type\":\"row\",\"children\":[{\"type\":\"column\",\"props\":{\"image_position\":\"center-center\",\"position_sticky_breakpoint\":\"m\"},\"children\":[{\"type\":\"headline\",\"props\":{\"content\":\"Posici\\u00f3n geogr\\u00e1fica\",\"margin\":\"remove-vertical\",\"margin_remove_bottom\":true,\"position\":\"relative\",\"text_align\":\"left\",\"title_color\":\"primary\",\"title_element\":\"h2\",\"title_style\":\"h6\"}},{\"type\":\"headline\",\"props\":{\"content\":\"\\u00bfD\\u00f3nde estamos?\",\"margin\":\"small\",\"title_element\":\"h1\"}}]}]}]},{\"type\":\"section\",\"props\":{\"image_position\":\"center-center\",\"padding_remove_bottom\":true,\"padding_remove_top\":true,\"style\":\"secondary\",\"title_breakpoint\":\"xl\",\"title_position\":\"top-left\",\"title_rotation\":\"left\",\"vertical_align\":\"\",\"width\":\"\"},\"children\":[{\"type\":\"row\",\"children\":[{\"type\":\"column\",\"props\":{\"image_position\":\"center-center\",\"position_sticky_breakpoint\":\"m\"},\"children\":[{\"type\":\"map\",\"props\":{\"content_margin\":\"remove\",\"controls\":true,\"dragging\":true,\"height\":\"500\",\"image_svg_color\":\"emphasis\",\"link_style\":\"primary\",\"link_text\":\"Read more\",\"margin\":\"default\",\"margin_remove_bottom\":false,\"max_zoom\":18,\"meta_align\":\"above-title\",\"meta_element\":\"div\",\"meta_margin\":\"remove\",\"meta_style\":\"\",\"min_zoom\":0,\"poi\":false,\"show_content\":true,\"show_image\":true,\"show_link\":true,\"show_meta\":true,\"show_title\":true,\"title_element\":\"h3\",\"title_hover_style\":\"reset\",\"type\":\"roadmap\",\"zoom\":\"13\",\"zooming\":true},\"children\":[{\"type\":\"map_item\",\"props\":{\"content\":\"\n\n<p>Sarmiento 1155, <br \\\/>Villa Nueva, Mendoza<br \\\/>Argentina<\\\/p>\",\"hide\":false,\"image\":\"wp-content\\\/uploads\\\/2024\\\/01\\\/logo.svg\",\"link\":\"https:\\\/\\\/maps.app.goo.gl\\\/3sPDQiXgxNC2JnXB9\",\"link_text\":\"Como llegar?\",\"location\":\"-32.8910,-68.7963\"}}]}]}]}],\"name\":\"Mapa\"},{\"type\":\"section\",\"props\":{\"image_position\":\"center-center\",\"padding_remove_bottom\":true,\"style\":\"default\",\"title_breakpoint\":\"xl\",\"title_position\":\"top-left\",\"title_rotation\":\"left\",\"vertical_align\":\"\",\"width\":\"default\"},\"children\":[{\"type\":\"row\",\"children\":[{\"type\":\"column\",\"props\":{\"image_position\":\"center-center\",\"position_sticky_breakpoint\":\"m\"},\"children\":[{\"type\":\"headline\",\"props\":{\"content\":\"Nuestra ubicaci\\u00f3n en Argentina\",\"margin\":\"remove-vertical\",\"margin_remove_bottom\":true,\"position\":\"relative\",\"text_align\":\"center\",\"title_color\":\"primary\",\"title_element\":\"h2\",\"title_style\":\"h6\"}},{\"type\":\"headline\",\"props\":{\"content\":\"Mendoza Argentina\",\"margin\":\"small\",\"text_align\":\"center\",\"title_element\":\"h1\"}},{\"type\":\"text\",\"props\":{\"blend\":false,\"block_align\":\"center\",\"column_breakpoint\":\"m\",\"content\":\"\n\n<div class=\\\"flex flex-grow flex-col max-w-full\\\">\\n\n\n<div data-message-author-role=\\\"assistant\\\" data-message-id=\\\"159a5492-c1d9-4985-b871-80fb99529e82\\\" class=\\\"min-h-[20px] text-message flex flex-col items-start gap-3 whitespace-pre-wrap break-words [.text-message+&amp;]:mt-5 overflow-x-auto\\\">\\n\n\n<div class=\\\"markdown prose w-full break-words dark:prose-invert light\\\">\\n\n\n<p>Ubicada estrat\\u00e9gicamente en el oeste argentino, la provincia de Mendoza se destaca no solo por sus f\\u00e9rtiles valles y la imponente cordillera de los Andes, sino tambi\\u00e9n por su posici\\u00f3n privilegiada cerca de los principales cruces log\\u00edsticos del pa\\u00eds. Situada en la regi\\u00f3n de Cuyo, limita al norte con San Juan, al este con San Luis, al sur con La Pampa y Neuqu\\u00e9n, y al oeste con Chile, consolid\\u00e1ndose como un punto clave para la distribuci\\u00f3n eficiente de frutas frescas en todo el territorio argentino.<br \\\/>Nuestra ubicaci\\u00f3n estrat\\u00e9gica nos permite optimizar rutas, reducir tiempos de entrega y garantizar que nuestros productos de calidad lleguen a cada rinc\\u00f3n del pa\\u00eds.<\\\/p>\\n<\\\/div>\\n<\\\/div>\\n<\\\/div>\",\"margin\":\"default\",\"maxwidth\":\"2xlarge\",\"text_align\":\"center\"}}]}]}],\"name\":\"Mendoza Argentina\"},{\"type\":\"section\",\"props\":{\"image_position\":\"center-center\",\"padding_remove_bottom\":true,\"padding_remove_top\":true,\"sticky\":\"cover\",\"style\":\"default\",\"title_breakpoint\":\"xl\",\"title_position\":\"top-left\",\"title_rotation\":\"left\",\"vertical_align\":\"\",\"width\":\"\"},\"children\":[{\"type\":\"row\",\"children\":[{\"type\":\"column\",\"props\":{\"image_position\":\"center-center\",\"position_sticky_breakpoint\":\"m\"},\"children\":[{\"type\":\"image\",\"props\":{\"image\":\"wp-content\\\/uploads\\\/2024\\\/01\\\/016-scaled.jpg\",\"image_svg_color\":\"emphasis\",\"image_viewport_height\":true,\"margin\":\"remove-vertical\"}}]}]}],\"name\":\"Imagen Pie Contacto\"}],\"version\":\"4.5.32\"} --><\/p>\n","protected":false},"excerpt":{"rendered":"<p>Nuestras v\u00edas de contacto Te brindamos todos los canales de contacto para comunicarnos mejor Cont\u00e1ctanos Administraci\u00f3n administracion@argenfruit.com.arWhatsApp: + 54 261 772 0222Lunes a viernes de 8:00hs a 16:00hsS\u00e1bados de 8:00hs a 13:00hs Log\u00edstica logistica@argenfruit.com.arTel\u00e9fono: + 54 261 564 0055Lunes a viernes de 8:00hs a 16:00hsS\u00e1bados de 8:00hs a 13:00hs Recursos Humanos rrhh@argenfruit.com.arTel\u00e9fono: + 54 261 [&hellip;]<\/p>\n","protected":false},"author":1,"featured_media":0,"parent":0,"menu_order":0,"comment_status":"closed","ping_status":"closed","template":"","meta":{"_acf_changed":false,"footnotes":""},"class_list":["post-1422","page","type-page","status-publish","hentry"],"acf":[],"_links":{"self":[{"href":"https:\/\/argenfruit.com.ar\/index.php?rest_route=\/wp\/v2\/pages\/1422","targetHints":{"allow":["GET"]}}],"collection":[{"href":"https:\/\/argenfruit.com.ar\/index.php?rest_route=\/wp\/v2\/pages"}],"about":[{"href":"https:\/\/argenfruit.com.ar\/index.php?rest_route=\/wp\/v2\/types\/page"}],"author":[{"embeddable":true,"href":"https:\/\/argenfruit.com.ar\/index.php?rest_route=\/wp\/v2\/users\/1"}],"replies":[{"embeddable":true,"href":"https:\/\/argenfruit.com.ar\/index.php?rest_route=%2Fwp%2Fv2%2Fcomments&post=1422"}],"version-history":[{"count":68,"href":"https:\/\/argenfruit.com.ar\/index.php?rest_route=\/wp\/v2\/pages\/1422\/revisions"}],"predecessor-version":[{"id":2996,"href":"https:\/\/argenfruit.com.ar\/index.php?rest_route=\/wp\/v2\/pages\/1422\/revisions\/2996"}],"wp:attachment":[{"href":"https:\/\/argenfruit.com.ar\/index.php?rest_route=%2Fwp%2Fv2%2Fmedia&parent=1422"}],"curies":[{"name":"wp","href":"https:\/\/api.w.org\/{rel}","templated":true}]}}