{"id":1810,"date":"2024-01-15T14:26:33","date_gmt":"2024-01-15T14:26:33","guid":{"rendered":"https:\/\/argenfruit.com.ar\/site2024\/?page_id=1810"},"modified":"2025-12-11T20:47:25","modified_gmt":"2025-12-11T20:47:25","slug":"banana","status":"publish","type":"page","link":"https:\/\/argenfruit.com.ar\/?page_id=1810","title":{"rendered":"Banana"},"content":{"rendered":"<h1>Variedad Cavendish origen Ecuador<\/h1>\n<div>\n<p>Banana Sabrostar <br \/>Extra Premium<\/p>\n<\/div>\n<div>\n<p>La caracter\u00edstica m\u00e1s distintiva de las bananas Cavendish es su c\u00e1scara amarilla brillante y su tama\u00f1o uniforme. Su pulpa es suave, cremosa y tiene un sabor ligeramente m\u00e1s suave que algunas otras variedades de bananas. Estas frutas son una fuente rica en potasio, vitamina C y fibra, haci\u00e9ndolas no solo deliciosas sino tambi\u00e9n nutritivas.<\/p>\n<\/div>\n<p><img decoding=\"async\" src=\"\/wp-content\/uploads\/2024\/01\/logo_calidad_reciclado_trazabilidad.svg\" alt=\"\"><\/p>\n<h1>Banana Sabrostar<\/h1>\n<div>\n<p>Varios minerales y vitaminas la convierten en una superfruta, capaz de prevenir y derrotar enfermedades. Y es rica en el preciado tript\u00f3fano, que ayuda a combatir la depresi\u00f3n. Rica en minerales como el magnesio, potasio, \u00e1cido f\u00f3lico, la banana tambi\u00e9n ofrece un elevado aporte de fibra. Es pobre en grasas y en prote\u00ednas. Adem\u00e1s posee betacaroteno y presencia de las 3 vitaminas antioxidantes (A, C y E) hace que se la considera una fruta que proporciona salud al organismo. Tiene un efecto diur\u00e9tica leve y es remineralizante. Es muy valiosa como fuente de energ\u00eda natural y gustosa, excelente para ni\u00f1os y adultos.<\/p>\n<\/div>\n<h1>\n<h4>M\u00e1s informaci\u00f3n<\/h4>\n<\/h1>\n<ul>\n<li>\n<p>        <img decoding=\"async\" src=\"\/wp-content\/uploads\/2024\/01\/060.jpg\" alt=\"\"><\/p>\n<h3>Diferentes calidades<\/h3>\n<div>\n<p>Las bananas Sabrostar variedad Cavendish de origen ecuatoriano son ofrecidas al mercado en tres calidades diferentes en cajas de cart\u00f3n de 19kg:<br \/>Banana Cavendish caja azul extra Premium<br \/>Banana Cavendish caja blanca Premium<br \/>Banana Cavendish caja color krfat Elegida<\/p>\n<\/div>\n<\/li>\n<li>\n<h3>Datos t\u00e9cnicos<\/h3>\n<div>\n<p>Bananas Extra Premium, Premium o Elegida<br \/>Packaging caja color azul, blanco o krtaft<br \/>Sticker color azul, blanco o verde<br \/>Caja peso 19kg (aprox.)<br \/>Proceso de presurizado<br \/>Paletizado en origen<br \/>Sistema de trazabilidad<\/p>\n<p>Incluye en el empaque de sachets removedores de etileno para extender la vida \u00fatil, mejorar su calidad y sabor, y reducir el desperdicio de alimentos.<br \/>En cada contenedor incluye un term\u00f3grafo para obtener datos sobre la temperatura desde que sale de las fincas de empaque hasta nuestra planta en Argentina.<\/p>\n<\/div>\n<\/li>\n<li>\n<h3>Tabla nutricional<\/h3>\n<div>\n<\/p>\n<p><style>\n        table {\n            width: 100%;\n            border-collapse: collapse;\n            margin-top: 20px;\n        }\n        th, td {\n            border: 1px solid #ddd;\n            padding: 8px;\n            text-align: left;\n        }\n        th {\n            background-color: #f2f2f2;\n        }\n    <\/style>\n<\/p>\n<h4>Datos nutricionales bananas<\/h4>\n<table>\n<tbody>\n<tr>\n<th>Componente Nutricional<\/th>\n<th>Cantidad por 100g<\/th>\n<\/tr>\n<tr>\n<td>Calor\u00edas<\/td>\n<td>89 kcal<\/td>\n<\/tr>\n<tr>\n<td>Grasas totales<\/td>\n<td>0.3 g<\/td>\n<\/tr>\n<tr>\n<td>Grasas saturadas<\/td>\n<td>0.1 g<\/td>\n<\/tr>\n<tr>\n<td>Colesterol<\/td>\n<td>0 mg<\/td>\n<\/tr>\n<tr>\n<td>Sodio<\/td>\n<td>1 mg<\/td>\n<\/tr>\n<tr>\n<td>Carbohidratos<\/td>\n<td>23 g<\/td>\n<\/tr>\n<tr>\n<td>Fibra diet\u00e9tica<\/td>\n<td>2.6 g<\/td>\n<\/tr>\n<tr>\n<td>Az\u00facares<\/td>\n<td>12 g<\/td>\n<\/tr>\n<tr>\n<td>Prote\u00ednas<\/td>\n<td>1.1 g<\/td>\n<\/tr>\n<tr>\n<td>Vitamina A<\/td>\n<td>64 IU<\/td>\n<\/tr>\n<tr>\n<td>Vitamina C<\/td>\n<td>8.7 mg<\/td>\n<\/tr>\n<tr>\n<td>Calcio<\/td>\n<td>5 mg<\/td>\n<\/tr>\n<tr>\n<td>Hierro<\/td>\n<td>0.3 mg<\/td>\n<\/tr>\n<tr>\n<td>Potasio<\/td>\n<td>358 mg<\/td>\n<\/tr>\n<\/tbody>\n<\/table>\n<\/div>\n<\/li>\n<\/ul>\n<p><img decoding=\"async\" src=\"\/wp-content\/uploads\/2024\/01\/005.jpg\" alt=\"\"><\/p>\n<ul>\n<li>\n<h3>Cremosidad<\/h3>\n<div>\n<p>La banana Cavendish tiene una pulpa es suave, cremosa y tiene un sabor ligeramente m\u00e1s suave que algunas otras variedades de bananas.<\/p>\n<\/div>\n<\/li>\n<li>\n<h3>Saludable<\/h3>\n<div>\n<p>Posee betacaroteno y presencia de las 3 vitaminas antioxidantes (A, C y E) hace que se la considera una fruta que proporciona salud al organismo.<\/p>\n<\/div>\n<\/li>\n<li>\n<h3>M\u00e1xima dulzura<\/h3>\n<div>\n<p>La banana, con su pulpa cremosa y dulce, es una fruta abundante en az\u00facares naturales. Adem\u00e1s de su delicioso sabor, ofrece una gran cantidad de nutrientes como potasio, vitamina C y fibra<\/p>\n<\/div>\n<\/li>\n<\/ul>\n<h1>L\u00ednea de frutas premium Sabrostar<em><br \/><\/em><\/h1>\n<h1>Conoc\u00e9 todas nuestras frutas<\/h1>\n<ul>\n<li>\n<p>        <img decoding=\"async\" src=\"\/wp-content\/uploads\/2025\/12\/176.jpg\" alt=\"\"><\/p>\n<h3>176<\/h3>\n<\/li>\n<li>\n<p>        <img decoding=\"async\" src=\"\/wp-content\/uploads\/2025\/12\/180.jpg\" alt=\"\"><\/p>\n<h3>180<\/h3>\n<\/li>\n<li>\n<p>        <img decoding=\"async\" src=\"\/wp-content\/uploads\/2025\/12\/177.jpg\" alt=\"\"><\/p>\n<h3>177<\/h3>\n<\/li>\n<li>\n<p>        <img decoding=\"async\" src=\"\/wp-content\/uploads\/2025\/12\/178.jpg\" alt=\"\"><\/p>\n<h3>178<\/h3>\n<\/li>\n<li>\n<p>        <img decoding=\"async\" src=\"\/wp-content\/uploads\/2025\/12\/187.jpg\" alt=\"\"><\/p>\n<h3>187<\/h3>\n<\/li>\n<li>\n<p>        <img decoding=\"async\" src=\"\/wp-content\/uploads\/2025\/12\/181.jpg\" alt=\"\"><\/p>\n<h3>181<\/h3>\n<\/li>\n<li>\n<p>        <img decoding=\"async\" src=\"\/wp-content\/uploads\/2025\/12\/179.jpg\" alt=\"\"><\/p>\n<h3>179<\/h3>\n<\/li>\n<li>\n<p>        <img decoding=\"async\" src=\"\/wp-content\/uploads\/2025\/12\/182.jpg\" alt=\"\"><\/p>\n<h3>182<\/h3>\n<\/li>\n<li>\n<p>        <img decoding=\"async\" src=\"\/wp-content\/uploads\/2025\/12\/183.jpg\" alt=\"\"><\/p>\n<h3>183<\/h3>\n<\/li>\n<li>\n<p>        <img decoding=\"async\" src=\"\/wp-content\/uploads\/2025\/12\/184.jpg\" alt=\"\"><\/p>\n<h3>184<\/h3>\n<\/li>\n<li>\n<p>        <img decoding=\"async\" src=\"\/wp-content\/uploads\/2025\/12\/185.jpg\" alt=\"\"><\/p>\n<h3>185<\/h3>\n<\/li>\n<li>\n<p>        <img decoding=\"async\" src=\"\/wp-content\/uploads\/2025\/12\/186.jpg\" alt=\"\"><\/p>\n<h3>186<\/h3>\n<\/li>\n<\/ul>\n<p><img decoding=\"async\" src=\"\/wp-content\/uploads\/2024\/01\/023-scaled.jpg\" alt=\"\"><\/p>\n<h1>\u00bfDonde comprar?<\/h1>\n<div>\n<p>Para compras mayoristas puede conectarse con nuestro departamento de ventas. Los consumidores finales pueden adquirir nuestros productos Sabrostar en puntos de venta de proximidad o las grandes cadenas de supermercados.<\/p>\n<\/div>\n<p><p>\n        <a href=\"https:\/\/wa.me\/5492617720222\">Chat con ventas<\/a>\n    <\/p>\n<\/p>\n<p><!--more--><br \/>\n<!-- {\"type\":\"layout\",\"children\":[{\"name\":\"Hero\",\"type\":\"section\",\"props\":{\"animation\":\"slide-left-small\",\"animation_delay\":\"200\",\"image_position\":\"center-center\",\"padding\":\"none\",\"padding_remove_top\":false,\"style\":\"secondary\",\"title_breakpoint\":\"xl\",\"title_position\":\"top-left\",\"title_rotation\":\"left\",\"vertical_align\":\"\",\"width\":\"\"},\"children\":[{\"type\":\"row\",\"props\":{\"column_gap\":\"large\",\"layout\":\"1-2,1-2\",\"margin\":\"remove-vertical\",\"margin_remove_bottom\":false,\"margin_remove_top\":false,\"row_gap\":\"large\"},\"children\":[{\"type\":\"column\",\"props\":{\"css\":\".el-column {\\n\\tmin-height: 500px;\\n}\",\"image\":\"wp-content\\\/uploads\\\/2024\\\/01\\\/114.jpg\",\"image_loading\":true,\"image_position\":\"center-center\",\"image_size\":\"cover\",\"position_sticky_breakpoint\":\"m\",\"width_medium\":\"1-2\"}},{\"type\":\"column\",\"props\":{\"image_position\":\"center-center\",\"padding\":\"xlarge\",\"position_sticky_breakpoint\":\"m\",\"style\":\"tile-secondary\",\"width_medium\":\"1-2\"},\"children\":[{\"type\":\"headline\",\"props\":{\"block_align\":\"center\",\"content\":\"Variedad Cavendish origen Ecuador\",\"maxwidth\":\"xlarge\",\"maxwidth_breakpoint\":\"l\",\"title_color\":\"primary\",\"title_element\":\"h1\",\"title_style\":\"h6\"}},{\"type\":\"headline\",\"props\":{\"block_align\":\"center\",\"content\":\"\n\n<p>Banana Sabrostar <br \\\/>Extra Premium<\\\/p>\",\"margin\":\"medium\",\"margin_remove_top\":false,\"maxwidth\":\"xlarge\",\"maxwidth_breakpoint\":\"l\",\"text_align_breakpoint\":\"m\",\"text_align_fallback\":\"center\",\"title_element\":\"div\",\"title_style\":\"h1\"}},{\"type\":\"text\",\"props\":{\"block_align\":\"center\",\"column_breakpoint\":\"xl\",\"content\":\"\n\n<p>La caracter\\u00edstica m\\u00e1s distintiva de las bananas Cavendish es su c\\u00e1scara amarilla brillante y su tama\\u00f1o uniforme. Su pulpa es suave, cremosa y tiene un sabor ligeramente m\\u00e1s suave que algunas otras variedades de bananas. Estas frutas son una fuente rica en potasio, vitamina C y fibra, haci\\u00e9ndolas no solo deliciosas sino tambi\\u00e9n nutritivas.<\\\/p>\",\"margin\":\"default\",\"margin_remove_top\":false,\"maxwidth\":\"xlarge\",\"maxwidth_breakpoint\":\"l\"}},{\"type\":\"image\",\"props\":{\"block_align\":\"center\",\"image\":\"wp-content\\\/uploads\\\/2024\\\/01\\\/logo_calidad_reciclado_trazabilidad.svg\",\"image_svg_color\":\"emphasis\",\"image_width\":\"350\",\"margin\":\"\",\"maxwidth\":\"xlarge\",\"maxwidth_breakpoint\":\"l\"}}]}]}]},{\"type\":\"section\",\"props\":{\"image_position\":\"center-center\",\"style\":\"default\",\"title_breakpoint\":\"xl\",\"title_position\":\"top-left\",\"title_rotation\":\"left\",\"vertical_align\":\"\",\"width\":\"default\"},\"children\":[{\"type\":\"row\",\"props\":{\"layout\":\"1-2,1-2\"},\"children\":[{\"type\":\"column\",\"props\":{\"image_position\":\"center-center\",\"position_sticky_breakpoint\":\"m\",\"width_medium\":\"1-2\"},\"children\":[{\"type\":\"headline\",\"props\":{\"content\":\"Banana Sabrostar\",\"title_element\":\"h1\"}},{\"type\":\"text\",\"props\":{\"column_breakpoint\":\"m\",\"content\":\"\n\n<p>Varios minerales y vitaminas la convierten en una superfruta, capaz de prevenir y derrotar enfermedades. Y es rica en el preciado tript\\u00f3fano, que ayuda a combatir la depresi\\u00f3n. Rica en minerales como el magnesio, potasio, \\u00e1cido f\\u00f3lico, la banana tambi\\u00e9n ofrece un elevado aporte de fibra. Es pobre en grasas y en prote\\u00ednas. Adem\\u00e1s posee betacaroteno y presencia de las 3 vitaminas antioxidantes (A, C y E) hace que se la considera una fruta que proporciona salud al organismo. Tiene un efecto diur\\u00e9tica leve y es remineralizante. Es muy valiosa como fuente de energ\\u00eda natural y gustosa, excelente para ni\\u00f1os y adultos.<\\\/p>\",\"margin\":\"default\"}},{\"type\":\"headline\",\"props\":{\"content\":\"\n\n<h4>M\\u00e1s informaci\\u00f3n<\\\/h4>\",\"title_element\":\"h1\"}},{\"type\":\"accordion\",\"props\":{\"collapsible\":true,\"content_column_breakpoint\":\"m\",\"image_align\":\"top\",\"image_grid_breakpoint\":\"m\",\"image_grid_width\":\"1-2\",\"image_svg_color\":\"emphasis\",\"link_style\":\"default\",\"link_text\":\"Read more\",\"show_image\":true,\"show_link\":true},\"children\":[{\"type\":\"accordion_item\",\"props\":{\"content\":\"\n\n<p>Las bananas Sabrostar variedad Cavendish de origen ecuatoriano son ofrecidas al mercado en tres calidades diferentes en cajas de cart\\u00f3n de 19kg:<br \\\/>Banana Cavendish caja azul extra Premium<br \\\/>Banana Cavendish caja blanca Premium<br \\\/>Banana Cavendish caja color krfat Elegida<\\\/p>\",\"image\":\"wp-content\\\/uploads\\\/2024\\\/01\\\/060.jpg\",\"title\":\"Diferentes calidades\"}},{\"type\":\"accordion_item\",\"props\":{\"content\":\"\n\n<p>Bananas Extra Premium, Premium o Elegida<br \\\/>Packaging caja color azul, blanco o krtaft<br \\\/>Sticker color azul, blanco o verde<br \\\/>Caja peso 19kg (aprox.)<br \\\/>Proceso de presurizado<br \\\/>Paletizado en origen<br \\\/>Sistema de trazabilidad<br \\\/><br \\\/>Incluye en el empaque de sachets removedores de etileno para extender la vida \\u00fatil, mejorar su calidad y sabor, y reducir el desperdicio de alimentos.<br \\\/>En cada contenedor incluye un term\\u00f3grafo para obtener datos sobre la temperatura desde que sale de las fincas de empaque hasta nuestra planta en Argentina.<\\\/p>\",\"image\":\"\",\"title\":\"Datos t\\u00e9cnicos\"}},{\"type\":\"accordion_item\",\"props\":{\"content\":\"\n\n<p><\\\/p>\\n\n\n<p><\\\/p>\\n\n\n<p>\n\n<style>\\n        table {\\n            width: 100%;\\n            border-collapse: collapse;\\n            margin-top: 20px;\\n        }\\n        th, td {\\n            border: 1px solid #ddd;\\n            padding: 8px;\\n            text-align: left;\\n        }\\n        th {\\n            background-color: #f2f2f2;\\n        }\\n    <\\\/style><\\\/p>\\n\n\n<h4>Datos nutricionales bananas<\\\/h4>\\n\n\n<table>\\n\n\n<tbody>\\n\n\n<tr>\\n\n\n<th>Componente Nutricional<\\\/th>\\n\n\n<th>Cantidad por 100g<\\\/th>\\n<\\\/tr>\\n\n\n<tr>\\n\n\n<td>Calor\\u00edas<\\\/td>\\n\n\n<td>89 kcal<\\\/td>\\n<\\\/tr>\\n\n\n<tr>\\n\n\n<td>Grasas totales<\\\/td>\\n\n\n<td>0.3 g<\\\/td>\\n<\\\/tr>\\n\n\n<tr>\\n\n\n<td>Grasas saturadas<\\\/td>\\n\n\n<td>0.1 g<\\\/td>\\n<\\\/tr>\\n\n\n<tr>\\n\n\n<td>Colesterol<\\\/td>\\n\n\n<td>0 mg<\\\/td>\\n<\\\/tr>\\n\n\n<tr>\\n\n\n<td>Sodio<\\\/td>\\n\n\n<td>1 mg<\\\/td>\\n<\\\/tr>\\n\n\n<tr>\\n\n\n<td>Carbohidratos<\\\/td>\\n\n\n<td>23 g<\\\/td>\\n<\\\/tr>\\n\n\n<tr>\\n\n\n<td>Fibra diet\\u00e9tica<\\\/td>\\n\n\n<td>2.6 g<\\\/td>\\n<\\\/tr>\\n\n\n<tr>\\n\n\n<td>Az\\u00facares<\\\/td>\\n\n\n<td>12 g<\\\/td>\\n<\\\/tr>\\n\n\n<tr>\\n\n\n<td>Prote\\u00ednas<\\\/td>\\n\n\n<td>1.1 g<\\\/td>\\n<\\\/tr>\\n\n\n<tr>\\n\n\n<td>Vitamina A<\\\/td>\\n\n\n<td>64 IU<\\\/td>\\n<\\\/tr>\\n\n\n<tr>\\n\n\n<td>Vitamina C<\\\/td>\\n\n\n<td>8.7 mg<\\\/td>\\n<\\\/tr>\\n\n\n<tr>\\n\n\n<td>Calcio<\\\/td>\\n\n\n<td>5 mg<\\\/td>\\n<\\\/tr>\\n\n\n<tr>\\n\n\n<td>Hierro<\\\/td>\\n\n\n<td>0.3 mg<\\\/td>\\n<\\\/tr>\\n\n\n<tr>\\n\n\n<td>Potasio<\\\/td>\\n\n\n<td>358 mg<\\\/td>\\n<\\\/tr>\\n<\\\/tbody>\\n<\\\/table>\",\"image\":\"\",\"title\":\"Tabla nutricional\"}}]}]},{\"type\":\"column\",\"props\":{\"image_position\":\"center-center\",\"position_sticky_breakpoint\":\"m\",\"width_medium\":\"1-2\"},\"children\":[{\"type\":\"popover\",\"props\":{\"background_image\":\"wp-content\\\/uploads\\\/2024\\\/01\\\/005.jpg\",\"card_style\":\"default\",\"drop_mode\":\"hover\",\"drop_position\":\"top-center\",\"image_card_padding\":true,\"image_svg_color\":\"emphasis\",\"link_style\":\"default\",\"link_text\":\"Read more\",\"margin\":\"default\",\"marker_color\":\"light\",\"meta_align\":\"below-title\",\"meta_element\":\"div\",\"meta_style\":\"text-meta\",\"show_content\":true,\"show_image\":true,\"show_link\":true,\"show_meta\":true,\"show_title\":true,\"title_element\":\"h3\",\"title_hover_style\":\"reset\"},\"children\":[{\"type\":\"popover_item\",\"props\":{\"content\":\"\n\n<p>La banana Cavendish tiene una pulpa es suave, cremosa y tiene un sabor ligeramente m\\u00e1s suave que algunas otras variedades de bananas.<\\\/p>\",\"position_x\":\"70\",\"position_y\":\"35\",\"title\":\"Cremosidad\"}},{\"type\":\"popover_item\",\"props\":{\"content\":\"\n\n<p>Posee betacaroteno y presencia de las 3 vitaminas antioxidantes (A, C y E) hace que se la considera una fruta que proporciona salud al organismo.<\\\/p>\",\"position_x\":\"43\",\"position_y\":\"77\",\"title\":\"Saludable\"}},{\"type\":\"popover_item\",\"props\":{\"content\":\"\n\n<p>La banana, con su pulpa cremosa y dulce, es una fruta abundante en az\\u00facares naturales. Adem\\u00e1s de su delicioso sabor, ofrece una gran cantidad de nutrientes como potasio, vitamina C y fibra<\\\/p>\",\"position_x\":\"24\",\"position_y\":\"56\",\"title\":\"M\\u00e1xima dulzura\"}}]}]}]}]},{\"name\":\"Productos\",\"type\":\"section\",\"props\":{\"animation\":\"slide-bottom-medium\",\"animation_delay\":\"200\",\"image_position\":\"center-center\",\"padding\":\"small\",\"padding_remove_bottom\":false,\"padding_remove_top\":false,\"style\":\"default\",\"title_breakpoint\":\"xl\",\"title_position\":\"top-left\",\"title_rotation\":\"left\",\"vertical_align\":\"\",\"width\":\"large\"},\"children\":[{\"type\":\"row\",\"children\":[{\"type\":\"column\",\"props\":{\"image_position\":\"center-center\",\"position_sticky_breakpoint\":\"m\"},\"children\":[{\"type\":\"headline\",\"props\":{\"block_align\":\"center\",\"content\":\"L\\u00ednea de frutas premium Sabrostar<em><br \\\/><\\\/em>\",\"margin\":\"small\",\"margin_remove_bottom\":false,\"maxwidth_breakpoint\":\"l\",\"title_color\":\"primary\",\"title_element\":\"h1\",\"title_style\":\"h6\"}},{\"type\":\"headline\",\"props\":{\"content\":\"Conoc\\u00e9 todas nuestras frutas\",\"margin\":\"small\",\"title_element\":\"h1\"}},{\"type\":\"panel-slider\",\"props\":{\"content_column_breakpoint\":\"m\",\"icon_width\":80,\"image_align\":\"top\",\"image_grid_breakpoint\":\"m\",\"image_grid_width\":\"1-2\",\"image_link\":true,\"image_svg_color\":\"emphasis\",\"link_style\":\"default\",\"link_text\":\"\",\"margin\":\"default\",\"meta_align\":\"below-title\",\"meta_element\":\"div\",\"meta_style\":\"text-meta\",\"nav\":\"dotnav\",\"nav_align\":\"center\",\"nav_breakpoint\":\"\",\"panel_match\":true,\"show_content\":false,\"show_hover_image\":true,\"show_hover_video\":true,\"show_image\":true,\"show_link\":true,\"show_meta\":false,\"show_title\":false,\"show_video\":true,\"slidenav\":\"default\",\"slidenav_breakpoint\":\"s\",\"slidenav_hover\":false,\"slidenav_margin\":\"medium\",\"slidenav_outside_breakpoint\":\"xl\",\"slider_autoplay_pause\":true,\"slider_gap\":\"small\",\"slider_width\":\"fixed\",\"slider_width_default\":\"1-1\",\"slider_width_medium\":\"1-3\",\"title_align\":\"top\",\"title_element\":\"h3\",\"title_grid_breakpoint\":\"m\",\"title_grid_width\":\"1-2\",\"title_hover_style\":\"reset\"},\"children\":[{\"type\":\"panel-slider_item\",\"props\":{\"image\":\"wp-content\\\/uploads\\\/2025\\\/12\\\/176.jpg\",\"title\":\"176\"}},{\"type\":\"panel-slider_item\",\"props\":{\"image\":\"wp-content\\\/uploads\\\/2025\\\/12\\\/180.jpg\",\"title\":\"180\"}},{\"type\":\"panel-slider_item\",\"props\":{\"image\":\"wp-content\\\/uploads\\\/2025\\\/12\\\/177.jpg\",\"title\":\"177\"}},{\"type\":\"panel-slider_item\",\"props\":{\"image\":\"wp-content\\\/uploads\\\/2025\\\/12\\\/178.jpg\",\"title\":\"178\"}},{\"type\":\"panel-slider_item\",\"props\":{\"image\":\"wp-content\\\/uploads\\\/2025\\\/12\\\/187.jpg\",\"title\":\"187\"}},{\"type\":\"panel-slider_item\",\"props\":{\"image\":\"wp-content\\\/uploads\\\/2025\\\/12\\\/181.jpg\",\"title\":\"181\"}},{\"type\":\"panel-slider_item\",\"props\":{\"image\":\"wp-content\\\/uploads\\\/2025\\\/12\\\/179.jpg\",\"title\":\"179\"}},{\"type\":\"panel-slider_item\",\"props\":{\"image\":\"wp-content\\\/uploads\\\/2025\\\/12\\\/182.jpg\",\"title\":\"182\"}},{\"type\":\"panel-slider_item\",\"props\":{\"image\":\"wp-content\\\/uploads\\\/2025\\\/12\\\/183.jpg\",\"title\":\"183\"}},{\"type\":\"panel-slider_item\",\"props\":{\"image\":\"wp-content\\\/uploads\\\/2025\\\/12\\\/184.jpg\",\"title\":\"184\"}},{\"type\":\"panel-slider_item\",\"props\":{\"image\":\"wp-content\\\/uploads\\\/2025\\\/12\\\/185.jpg\",\"title\":\"185\"}},{\"type\":\"panel-slider_item\",\"props\":{\"image\":\"wp-content\\\/uploads\\\/2025\\\/12\\\/186.jpg\",\"title\":\"186\"}}],\"name\":\"Panel Slider Frutas 03\"}]}]}]},{\"type\":\"section\",\"props\":{\"image_position\":\"center-center\",\"padding\":\"none\",\"style\":\"default\",\"title_breakpoint\":\"xl\",\"title_position\":\"top-left\",\"title_rotation\":\"left\",\"vertical_align\":\"\",\"width\":\"\"},\"children\":[{\"type\":\"row\",\"children\":[{\"type\":\"column\",\"props\":{\"image_position\":\"center-center\",\"position_sticky_breakpoint\":\"m\"},\"children\":[{\"type\":\"image\",\"props\":{\"image\":\"wp-content\\\/uploads\\\/2024\\\/01\\\/023-scaled.jpg\",\"image_svg_color\":\"emphasis\",\"image_viewport_height\":true,\"margin\":\"remove-vertical\"}}]}]}]},{\"type\":\"section\",\"props\":{\"image_position\":\"center-center\",\"style\":\"default\",\"title_breakpoint\":\"xl\",\"title_position\":\"top-left\",\"title_rotation\":\"left\",\"vertical_align\":\"\",\"width\":\"small\"},\"children\":[{\"type\":\"row\",\"children\":[{\"type\":\"column\",\"props\":{\"image_position\":\"center-center\",\"position_sticky_breakpoint\":\"m\"},\"children\":[{\"type\":\"headline\",\"props\":{\"content\":\"\\u00bfDonde comprar?\",\"text_align\":\"center\",\"title_element\":\"h1\"}},{\"type\":\"text\",\"props\":{\"column_breakpoint\":\"m\",\"content\":\"\n\n<p>Para compras mayoristas puede conectarse con nuestro departamento de ventas. Los consumidores finales pueden adquirir nuestros productos Sabrostar en puntos de venta de proximidad o las grandes cadenas de supermercados.<\\\/p>\",\"margin\":\"default\",\"text_align\":\"center\",\"text_style\":\"lead\"}},{\"type\":\"button\",\"props\":{\"fullwidth\":false,\"grid_column_gap\":\"small\",\"grid_row_gap\":\"small\",\"margin\":\"default\",\"text_align\":\"center\"},\"children\":[{\"type\":\"button_item\",\"props\":{\"button_style\":\"default\",\"content\":\"Chat con ventas\",\"dialog_layout\":\"modal\",\"dialog_offcanvas_flip\":true,\"icon_align\":\"left\",\"link\":\"https:\\\/\\\/wa.me\\\/5492617720222\"}}]}]}]}],\"name\":\"Donde comprar?\"}],\"version\":\"4.5.32\"} --><\/p>\n","protected":false},"excerpt":{"rendered":"<p>Variedad Cavendish origen Ecuador Banana Sabrostar Extra Premium La caracter\u00edstica m\u00e1s distintiva de las bananas Cavendish es su c\u00e1scara amarilla brillante y su tama\u00f1o uniforme. Su pulpa es suave, cremosa y tiene un sabor ligeramente m\u00e1s suave que algunas otras variedades de bananas. Estas frutas son una fuente rica en potasio, vitamina C y fibra, [&hellip;]<\/p>\n","protected":false},"author":1,"featured_media":0,"parent":0,"menu_order":0,"comment_status":"closed","ping_status":"closed","template":"","meta":{"_acf_changed":false,"footnotes":""},"class_list":["post-1810","page","type-page","status-publish","hentry"],"acf":[],"_links":{"self":[{"href":"https:\/\/argenfruit.com.ar\/index.php?rest_route=\/wp\/v2\/pages\/1810","targetHints":{"allow":["GET"]}}],"collection":[{"href":"https:\/\/argenfruit.com.ar\/index.php?rest_route=\/wp\/v2\/pages"}],"about":[{"href":"https:\/\/argenfruit.com.ar\/index.php?rest_route=\/wp\/v2\/types\/page"}],"author":[{"embeddable":true,"href":"https:\/\/argenfruit.com.ar\/index.php?rest_route=\/wp\/v2\/users\/1"}],"replies":[{"embeddable":true,"href":"https:\/\/argenfruit.com.ar\/index.php?rest_route=%2Fwp%2Fv2%2Fcomments&post=1810"}],"version-history":[{"count":48,"href":"https:\/\/argenfruit.com.ar\/index.php?rest_route=\/wp\/v2\/pages\/1810\/revisions"}],"predecessor-version":[{"id":3018,"href":"https:\/\/argenfruit.com.ar\/index.php?rest_route=\/wp\/v2\/pages\/1810\/revisions\/3018"}],"wp:attachment":[{"href":"https:\/\/argenfruit.com.ar\/index.php?rest_route=%2Fwp%2Fv2%2Fmedia&parent=1810"}],"curies":[{"name":"wp","href":"https:\/\/api.w.org\/{rel}","templated":true}]}}